{"id":71,"date":"2026-09-03T08:59:52","date_gmt":"2026-09-03T11:59:52","guid":{"rendered":"https:\/\/jeanpiaget.edu.uy\/?page_id=71"},"modified":"2026-09-03T08:59:52","modified_gmt":"2026-09-03T11:59:52","slug":"veni-a-conocer-el-piaget","status":"publish","type":"page","link":"https:\/\/jeanpiaget.edu.uy\/?page_id=71","title":{"rendered":"Ven\u00ed a conocer el Piaget."},"content":{"rendered":"\n<p class=\"wp-block-paragraph\">Coordin\u00e1 una entrevista para conocer nuestra propuesta, recorrer los espacios y conversar sobre la etapa educativa de tu hijo o hija.<\/p>\n\n\n\n<p class=\"has-vivid-red-color has-text-color has-link-color has-large-font-size wp-elements-1 wp-block-paragraph\"><strong>Administraci\u00f3n y Primaria<\/strong><\/p>\n\n\n\n<p class=\"wp-block-paragraph\"><strong>Direcci\u00f3n:<\/strong> Av. Brasil 2586 \u00b7 Montevideo<\/p>\n\n\n\n<p class=\"wp-block-paragraph\"><strong>Tel\u00e9fono:<\/strong> 2708 9299<\/p>\n\n\n\n<p class=\"wp-block-paragraph\"><strong>Horario de atenci\u00f3n:<\/strong> lunes a viernes, de 8:00 a 17:00<\/p>\n\n\n\n<p class=\"wp-block-paragraph\"><strong>Correo:<\/strong> administracion@jeanpiaget.edu.uy<\/p>\n\n\n\n<p class=\"wp-block-paragraph\"><\/p>\n\n\n\n<p class=\"has-vivid-red-color has-text-color has-link-color has-large-font-size wp-elements-2 wp-block-paragraph\"><strong>Maternal y Nivel Inicial<\/strong><\/p>\n\n\n\n<p class=\"wp-block-paragraph\"><strong>Direcci\u00f3n:<\/strong> Libertad 2795 \u00b7 Montevideo<\/p>\n\n\n\n<p class=\"wp-block-paragraph\"><strong>Tel\u00e9fono:<\/strong> 2709 1306<\/p>\n\n\n\n<p class=\"wp-block-paragraph\"><strong>Horario:<\/strong> 8:00 a 18:00 \u00b7 abierto todo el a\u00f1o<\/p>\n\n\n\n<p class=\"wp-block-paragraph\"><strong>Correo:<\/strong> recepcionjar@jeanpiaget.edu.uy<\/p>\n\n\n\n<p class=\"wp-block-paragraph\"><\/p>\n\n\n\n<p class=\"has-black-color has-text-color has-link-color has-medium-font-size wp-elements-3 wp-block-paragraph\"><strong>Escribinos<\/strong><\/p>\n\n\n\n<p class=\"wp-block-paragraph\">Complet\u00e1 el formulario de inscripciones y nos comunicaremos para responder tus preguntas y coordinar una visita.<\/p>\n\n\n\n<p class=\"wp-block-paragraph\"><strong>WhatsApp:<\/strong> 091 219 797<\/p>\n\n\n\n<p class=\"wp-block-paragraph\"><strong>Correo general:<\/strong> administracion@jeanpiaget.edu.uy<\/p>\n","protected":false},"excerpt":{"rendered":"<p>Coordin\u00e1 una entrevista para conocer nuestra propuesta, recorrer los espacios y conversar sobre la etapa educativa de tu hijo o hija. Administraci\u00f3n y Primaria Direcci\u00f3n: Av. Brasil 2586 \u00b7 Montevideo Tel\u00e9fono: 2708 9299 Horario de atenci\u00f3n: lunes a viernes, de 8:00 a 17:00 Correo: administracion@jeanpiaget.edu.uy Maternal y Nivel Inicial Direcci\u00f3n: Libertad 2795 \u00b7 Montevideo Tel\u00e9fono: [&hellip;]<\/p>\n","protected":false},"author":2,"featured_media":53,"parent":0,"menu_order":0,"comment_status":"closed","ping_status":"closed","template":"","meta":{"footnotes":""},"class_list":["post-71","page","type-page","status-publish","has-post-thumbnail","hentry"],"_links":{"self":[{"href":"https:\/\/jeanpiaget.edu.uy\/index.php?rest_route=\/wp\/v2\/pages\/71","targetHints":{"allow":["GET"]}}],"collection":[{"href":"https:\/\/jeanpiaget.edu.uy\/index.php?rest_route=\/wp\/v2\/pages"}],"about":[{"href":"https:\/\/jeanpiaget.edu.uy\/index.php?rest_route=\/wp\/v2\/types\/page"}],"author":[{"embeddable":true,"href":"https:\/\/jeanpiaget.edu.uy\/index.php?rest_route=\/wp\/v2\/users\/2"}],"replies":[{"embeddable":true,"href":"https:\/\/jeanpiaget.edu.uy\/index.php?rest_route=%2Fwp%2Fv2%2Fcomments&post=71"}],"version-history":[{"count":1,"href":"https:\/\/jeanpiaget.edu.uy\/index.php?rest_route=\/wp\/v2\/pages\/71\/revisions"}],"predecessor-version":[{"id":72,"href":"https:\/\/jeanpiaget.edu.uy\/index.php?rest_route=\/wp\/v2\/pages\/71\/revisions\/72"}],"wp:featuredmedia":[{"embeddable":true,"href":"https:\/\/jeanpiaget.edu.uy\/index.php?rest_route=\/wp\/v2\/media\/53"}],"wp:attachment":[{"href":"https:\/\/jeanpiaget.edu.uy\/index.php?rest_route=%2Fwp%2Fv2%2Fmedia&parent=71"}],"curies":[{"name":"wp","href":"https:\/\/api.w.org\/{rel}","templated":true}]}}

Vení a conocer el Piaget.

<p class="wp-block-paragraph">Coordiná una entrevista para conocer nuestra propuesta, recorrer los espacios y conversar sobre la etapa educativa de tu hijo o hija.</p>



<p class="has-vivid-red-color has-text-color has-link-color has-large-font-size wp-elements-1 wp-block-paragraph"><strong>Administración y Primaria</strong></p>



<p class="wp-block-paragraph"><strong>Dirección:</strong> Av. Brasil 2586 · Montevideo</p>



<p class="wp-block-paragraph"><strong>Teléfono:</strong> 2708 9299</p>



<p class="wp-block-paragraph"><strong>Horario de atención:</strong> lunes a viernes, de 8:00 a 17:00</p>



<p class="wp-block-paragraph"><strong>Correo:</strong> administracion@jeanpiaget.edu.uy</p>



<p class="wp-block-paragraph"></p>



<p class="has-vivid-red-color has-text-color has-link-color has-large-font-size wp-elements-2 wp-block-paragraph"><strong>Maternal y Nivel Inicial</strong></p>



<p class="wp-block-paragraph"><strong>Dirección:</strong> Libertad 2795 · Montevideo</p>



<p class="wp-block-paragraph"><strong>Teléfono:</strong> 2709 1306</p>



<p class="wp-block-paragraph"><strong>Horario:</strong> 8:00 a 18:00 · abierto todo el año</p>



<p class="wp-block-paragraph"><strong>Correo:</strong> recepcionjar@jeanpiaget.edu.uy</p>



<p class="wp-block-paragraph"></p>



<p class="has-black-color has-text-color has-link-color has-medium-font-size wp-elements-3 wp-block-paragraph"><strong>Escribinos</strong></p>



<p class="wp-block-paragraph">Completá el formulario de inscripciones y nos comunicaremos para responder tus preguntas y coordinar una visita.</p>



<p class="wp-block-paragraph"><strong>WhatsApp:</strong> 091 219 797</p>



<p class="wp-block-paragraph"><strong>Correo general:</strong> administracion@jeanpiaget.edu.uy</p>

<p>Coordiná una entrevista para conocer nuestra propuesta, recorrer los espacios y conversar sobre la etapa educativa de tu hijo o hija. Administración y Primaria Dirección: Av. Brasil 2586 · Montevideo Teléfono: 2708 9299 Horario de atención: lunes a viernes, de 8:00 a 17:00 Correo: administracion@jeanpiaget.edu.uy Maternal y Nivel Inicial Dirección: Libertad 2795 · Montevideo Teléfono: [&hellip;]</p>
